is -10100110100 - 10110000101100100?
-10110011010011000
In base 2, what is 100111101011101101110 + 1110?
100111101011101111100
In base 5, what is 0 - 1011233000?
-1011233000
In base 4, what is 33321101 - 11122?
33303313
In base 3, what is 11 + -1122210201212?
-1122210201201
In base 6, what is -100112 + -5341?
-105453
In base 16, what is -c765 + -1a4?
-c909
In base 16, what is 150 - -50a?
65a
In base 2, what is 100 + 100101101001011100101001?
100101101001011100101101
In base 15, what is e47 + -5080?
-4138
In base 2, what is -1000011001110101 - 1000001111?
-1000100010000100
In base 4, what is 231031 - 310111?
-13020
In base 12, what is -44b1ba2 - b?
-44b1bb1
In base 13, what is -c17927 - -4?
-c17923
In base 4, what is -1022233 + 130123?
-232110
In base 14, what is -3ac - -1183?
bb5
In base 14, what is 5 + -2827a2?
-28279b
In base 5, what is 12 - -23232221?
23232233
In base 10, what is -93314 - 49?
-93363
In base 10, what is -33 + -16433375?
-16433408
In base 13, what is -b0569 + 4c0?
-b0079
In base 2, what is 10 - -111100101010111110?
111100101011000000
In base 7, what is 3 + -223664510?
-223664504
In base 15, what is -1e4939 + 5?
-1e4934
In base 15, what is 143712d + -31?
14370ec
In base 12, what is -10610 - -702?
-bb0a
In base 9, what is 5 - -24481075?
24481081
In base 4, what is 3212211 - 131121010?
-121302133
In base 4, what is -32 + 2210112332313?
2210112332221
In base 2, what is 110010010000110001010 + -10?
110010010000110001000
In base 4, what is -11100030 + -1320?
-11102010
In base 14, what is 10a + 65b?
767
In base 3, what is -1020210122110 - -1022?
-1020210121011
In base 13, what is -168 + 6101b1?
610046
In base 2, what is -10010010 + 11000000011011110?
11000000001001100
In base 13, what is -492809 + 1b?
-4927bb
In base 14, what is -265136 - 2?
-265138
In base 4, what is 3 + -22002213200?
-22002213131
In base 12, what is 2182a + 650?
2227a
In base 12, what is 2a + 976888?
9768b6
In base 12, what is 6 + -1385724?
-138571a
In base 2, what is -1000010011101 - 1100000000111?
-10100010100100
In base 16, what is -1272d + -c8?
-127f5
In base 6, what is 141043 - -42051?
223134
In base 11, what is -2188 - 9914a?
-a0327
In base 8, what is -5673667 - 14?
-5673703
In base 12, what is 5 - -2054028?
2054031
In base 2, what is -1011000110011001011000110 + -11?
-1011000110011001011001001
In base 8, what is 5 - -16343073?
16343100
In base 8, what is -140520 - -324?
-140174
In base 9, what is -178 - 2765416?
-2765605
In base 10, what is -15 + 321921?
321906
In base 3, what is 22201211221210 - 11?
22201211221122
In base 4, what is 2222 + -2311001311?
-2310333023
In base 3, what is 1 + 210121021200202?
210121021200210
In base 13, what is -15 - 4655485?
-465549a
In base 16, what is -2482c + -461?
-24c8d
In base 8, what is -330170 + -1?
-330171
In base 14, what is a + 6ac475?
6ac481
In base 14, what is 1 + -57335?
-57334
In base 5, what is 10 + -231440113?
-231440103
In base 12, what is -1094b3 - 1bb?
-1096b2
In base 5, what is 1 - 332340221021?
-332340221020
In base 3, what is 12101200001011022 - 2?
12101200001011020
In base 15, what is 3255a + 308?
32863
In base 7, what is -5 - 2050553136?
-2050553144
In base 15, what is 3 + -192892e?
-192892b
In base 5, what is -2414213032 - 4?
-2414213041
In base 15, what is 380a + -45b?
339e
In base 15, what is -1a - 26596b?
-265986
In base 15, what is -a49 - a6a?
-15b4
In base 15, what is c23 + 38d9?
460c
In base 7, what is 3 + -2301312452?
-2301312446
In base 6, what is 13 - -11312355544?
11312400001
In base 5, what is -114220 + -21433?
-141203
In base 5, what is -12340204 + -1102?
-12341311
In base 13, what is 1 + -21653cba?
-21653cb9
In base 15, what is 1 - 24a753?
-24a752
In base 7, what is -61000 + -321552?
-412552
In base 12, what is -2285b84 - 2?
-2285b86
In base 12, what is 4a9143 - 6?
4a9139
In base 6, what is -3 - 24131252?
-24131255
In base 16, what is d78cc9 + 4?
d78ccd
In base 13, what is 2b8 - -1a03a?
1a325
In base 2, what is 11010000101110101001011 - -1?
11010000101110101001100
In base 4, what is 1222300002 + 10132?
1222310200
In base 12, what is -1a + 56219?
561bb
In base 6, what is 0 + -2050021453?
-2050021453
In base 13, what is -30b + 48aa?
459c
In base 16, what is -1a + 9ddc3?
9dda9
In base 8, what is 0 + 46643470?
46643470
In base 14, what is -c7ab - -3b61?
-8a4a
In base 15, what is 3 - 521d12e?
-521d12b
In base 13, what is -910a7a - -52?
-910a28
In base 12, what is -3733a - -229?
-37111
In base 16, what is -2 - e8567f4?
-e8567f6
In base 7, what is -13 + 13154356?
13154343
In base 5, what is 11221210244 + -2?
11221210242
In base 7, what is 6554 + 22203?
32060
In base 8, what is 357350561 - 26?
357350533
In base 11, what is -a93 + -97753?
-98736
In base 9, what is -12 + 8800712?
8800700
In base 15, what is b627 - 83?
b594
In base 5, what is -4042213410441 + 4?
-4042213410432
In base 6, what is 5404 - 242352?
-232544
In base 16, what is -120c - -10a6?
-166
In base 4, what is 11331101032 + 1221?
11331102313
In base 8, what is 2100127 - 102?
2100025
In base 11, what is -1147 - -2341?
11a5
In base 10, what is 81 - 856348?
-856267
In base 7, what is 133150062 + -5?
133150054
In base 2, what is 10010110110011010011001 + -10011?
10010110110011010000110
In base 11, what is 272 + 6a67?
7229
In base 6, what is -35101 - 200?
-35301
In base 11, what is 4 + 1016450?
1016454
In base 9, what is -10382468 - 4?
-10382473
In base 11, what is -167 - -55843?
55687
In base 11, what is 6aa9 + -5?
6aa4
In base 12, what is 27b7ba + 872?
280470
In base 3, what is 11 + 10201222202022?
10201222202110
In base 8, what is -440553340 + -4?
-440553344
In base 9, what is 0 - -2627417?
2627417
In base 5, what is 433040243 - -421?
433041214
In base 5, what is -20222101 - -14303?
-20202243
In base 9, what is 4 - 5462638?
-5462634
In base 7, what is -112131 + 1430?
-110401
In base 6, what is -1 - 11005124421?
-11005124422
In base 5, what is -3 - 33413303431?
-33413303434
In base 4, what is -1131030230 - 112130?
-1131203020
In base 16, what is b7a + -dc1d?
-d0a3
In base 12, what is -68 - 32586a?
-325916
In base 16, what is 174c1 + -476?
1704b
In base 4, what is -1313002 + 122012020?
120033012
In base 4, what is -2000 - 333100303?
-333102303
In base 5, what is -121102 + -13103004?
-13224111
In base 13, what is -24a951ac + 5?
-24a951a7
In base 5, what is -10 + -1203231011042?
-1203231011102
In base 15, what is 6a94 + 32?
6ac6
In base 2, what is 1101 + -111100110000100010001?
-111100110000100000100
In base 14, what is -8052 + 64d?
-7803
In base 12, what is -174ab95 - 37?
-174b010
In base 10, what is -449622 + -180?
-449802
In base 15, what is -a + d72cb7?
d72cac
In base 2, what is 11110000001011101101011101 - 10?
11110000001011101101011011
In base 4, what is -11 - 10102212213222?
-10102212213233
In base 10, what is -456815 - 194?
-457009
In base 12, what is 19 - -197788a?
19778a7
In base 16, what is -2543b5e - 9?
-2543b67
In base 15, what is -1ec430b - e?
-1ec431a
In base 6, what is 133104044 - -510?
133104554
In base 9, what is -4721 - -8321?
3500
In base 8, what is -104137 - -2422?
-101515
In base 3, what is 1220211122001 - -1002211?
1220212201212
In base 8, what is -2 - 42100304?
-42100306
In base 15, what is -29b8a - -1c15?
-27e75
In base 10, what is 1 - -3933947?
3933948
In base 6, what is -22 + -153124?
-153150
In base 6, what is 3 + -1031244144?
-1031244141
In base 9, what is 28506 + -1045?
27451
In base 13, what is -c842 + 1800?
-b042
In base 9, what is 32887 + -2788?
30088
In base 2, what is -101110011100110111001 + -1100001?
-101110011101000011010
In base 2, what is 1000000111000100100001110111 + 0?
1000000111000100100001110111
In base 14, what is 11096b + 3?
110970
In base 14, what is -13 + -351637?
-35164a
In base 3, what is 11 - 100211002010121?
-100211002010110
In base 16, what is -26 - 5b5758?
-5b577e
In base 11, what is 10754a567 - 4?
10754a563
In base 14, what is -41249 - -44?
-41205
In base 6, what is 130135 - 10451?
115244
In base 2, what is -101111101101111000001010 - 1?
-101111101101111000001011
In base 16, what is -7929 - f98?
-88c1
In base 5, what is -1314111 - 12424?
-1332040
In base 6, what is 15534540 + 314?
15535254
In base 12, what is 1864 - 4611?
-2969
In base 12, what is -209579a36 - 4?
-209579a3a
In bas